{"id":29,"date":"2023-10-05T10:26:49","date_gmt":"2023-10-05T10:26:49","guid":{"rendered":"https:\/\/r-dent.com.pl\/?page_id=29"},"modified":"2026-01-16T09:16:42","modified_gmt":"2026-01-16T09:16:42","slug":"kontakt","status":"publish","type":"page","link":"https:\/\/r-dent.com.pl\/?page_id=29","title":{"rendered":"Kontakt"},"content":{"rendered":"\n<div class=\"wp-block-columns is-layout-flex wp-container-core-columns-layout-1 wp-block-columns-is-layout-flex\">\n<div class=\"wp-block-column is-layout-flow wp-block-column-is-layout-flow\">\n<h2 class=\"wp-block-heading\">Stomatolog Szczecin<\/h2>\n\n\n\n<h4 class=\"wp-block-heading\"><a href=\"https:\/\/www.sanadent.pl\/\">Sanadent Specjalistyczna Praktyka Implantologiczna<\/a><\/h4>\n\n\n\n<h4 class=\"wp-block-heading\"><strong>tel. <a href=\"https:\/\/www.google.com\/search?q=google+business+sanadent+szczecin&amp;sca_esv=571285583&amp;sxsrf=AM9HkKmT7ZwbgujEvyfcUitIxf4Kfapauw%3A1696592280144&amp;ei=mPEfZe-7CLfGwPAP5fm8kAM&amp;ved=0ahUKEwjv577hquGBAxU3IxAIHeU8DzIQ4dUDCBA&amp;uact=5&amp;oq=google+business+sanadent+szczecin&amp;gs_lp=Egxnd3Mtd2l6LXNlcnAiIWdvb2dsZSBidXNpbmVzcyBzYW5hZGVudCBzemN6ZWNpbjIFECEYoAEyBRAhGKABSL4YUCNY3hZwAXgBkAEAmAGzAaABqA2qAQQxMy41uAEDyAEA-AEBwgIKEAAYRxjWBBiwA8ICChAAGIoFGLADGEPCAggQABjLARiABMICBhAAGBYYHsICCBAAGBYYHhgPwgIFEAAYogTCAgcQIRigARgK4gMEGAAgQYgGAZAGCg&amp;sclient=gws-wiz-serp&amp;fbclid=IwAR0vkjWCbnnuD8LuH72ukSmcsPAjAm2gSew1QB95tlnbiViCPvE0jlPRAq8&amp;bshm=rimc\/1#\">660 416 444<\/a><\/strong><\/h4>\n\n\n\n<h4 class=\"wp-block-heading\"><strong>71-123 Szczecin, ul. Witkiewicza 45c<\/strong><\/h4>\n\n\n\n<p>E-mail: biuro@sanadent.pl<\/p>\n\n\n\n<p>Strona internetowa:<a href=\"http:\/\/www.sanadent.pl\/\">&nbsp;www.sanadent.pl<\/a><\/p>\n\n\n\n<p>Godziny otwarcia:&nbsp;<strong>poniedzia\u0142ek \u2013 pi\u0105tek:<\/strong>&nbsp;<strong>9 -18<\/strong>,&nbsp;<strong>sobota:<\/strong>&nbsp;po uzgodnieniu<\/p>\n<\/div>\n\n\n\n<div class=\"wp-block-column is-layout-flow wp-block-column-is-layout-flow\">\n<h2 class=\"wp-block-heading\">Stomatologia Pozna\u0144<\/h2>\n\n\n\n<h3 class=\"wp-block-heading\"><a href=\"https:\/\/www.stankowscybialach.pl\/\">Stomatologia Stankowscy-Bia\u0142ach<\/a><a href=\"tel:+48518327667\"><\/a><\/h3>\n\n\n\n<h3 class=\"wp-block-heading\"><a href=\"tel:+48518327667\">518 327 667<\/a><\/h3>\n\n\n\n<p>Pon. \u2013 Pt.: 8:00 \u2013 20:00<a href=\"tel:+48616533802\"><\/a><\/p>\n\n\n\n<h3 class=\"wp-block-heading\"><a href=\"tel:+48616533802\">61 653 38 02<\/a><\/h3>\n\n\n\n<p>Pon. \u2013 Pt.: 8:00 \u2013 20:00<a href=\"mailto:rejestracja@stankowscybialach.pl\"><\/a><\/p>\n\n\n\n<h3 class=\"wp-block-heading\"><a href=\"mailto:rejestracja@stankowscybialach.pl\">rejestracja@stankowscybialach.pl<\/a><\/h3>\n\n\n\n<p>E-mail<\/p>\n\n\n\n<h4 class=\"wp-block-heading\">Adres<a href=\"https:\/\/goo.gl\/maps\/uN3iqbrBwT4vQkem8\"><\/a><\/h4>\n\n\n\n<h3 class=\"wp-block-heading\"><a href=\"https:\/\/goo.gl\/maps\/uN3iqbrBwT4vQkem8\">ul. Pilska 15<\/a><\/h3>\n\n\n\n<p>61-045 Pozna\u0144<\/p>\n\n\n\n<p>(wej\u015bcie od ul. Mogile\u0144skiej)<\/p>\n\n\n\n<h4 class=\"wp-block-heading\">Godziny otwarcia<\/h4>\n\n\n\n<h3 class=\"wp-block-heading\">8:00 \u2013 20:00<\/h3>\n\n\n\n<p>Poniedzia\u0142ek \u2013 Pi\u0105tek<\/p>\n<\/div>\n<\/div>\n\n\n\n<h2 class=\"wp-block-heading\"><\/h2>\n\n\n\n<h2 class=\"wp-block-heading has-text-align-center\"><a href=\"https:\/\/www.drl-clinic.pl\/\">Dentysta Krak\u00f3w<\/a><\/h2>\n\n\n\n<h4 class=\"wp-block-heading has-text-align-center\">Dr \u0141yszczarz Clinic<\/h4>\n\n\n\n<p class=\"has-text-align-center\"><a href=\"tel:+48600422883\">+48 600 422 883<\/a><\/p>\n\n\n\n<p class=\"has-text-align-center\">&nbsp;<a href=\"mailto:recepcja@drl-clinic.pl\">recepcja@drl-clinic.pl<\/a><\/p>\n\n\n\n<p class=\"has-text-align-center\">ul. Krowoderskich Zuch\u00f3w 16,<br>&nbsp;Budynek Torre Verona<br>&nbsp;31-272 Krak\u00f3w<\/p>\n\n\n\n<p class=\"has-text-align-center\"><strong>Godziny otwarcia:<\/strong><br>&nbsp; &nbsp;pon.-czw.: 9:00-21:00<br>&nbsp; &nbsp;pt.: 9:00-19:00<\/p>\n\n\n\n<p class=\"has-text-align-center\"><strong>specjalizacja:<\/strong>&nbsp;<a href=\"https:\/\/www.drl-clinic.pl\/uslugi\/implanty\">implanty z\u0119b\u00f3w Krak\u00f3w<\/a><\/p>\n","protected":false},"excerpt":{"rendered":"<p>Stomatolog Szczecin Sanadent Specjalistyczna Praktyka Implantologiczna tel. 660 416 444 71-123 Szczecin, ul. Witkiewicza 45c E-mail: biuro@sanadent.pl Strona internetowa:&nbsp;www.sanadent.pl Godziny otwarcia:&nbsp;poniedzia\u0142ek \u2013 pi\u0105tek:&nbsp;9 -18,&nbsp;sobota:&nbsp;po uzgodnieniu Stomatologia Pozna\u0144 Stomatologia Stankowscy-Bia\u0142ach 518 327 667 Pon. \u2013 Pt.: 8:00 \u2013 20:00 61 653 38 02 Pon. \u2013 Pt.: 8:00 \u2013 20:00 rejestracja@stankowscybialach.pl E-mail Adres ul. Pilska 15 61-045 Pozna\u0144 (wej\u015bcie od ul. Mogile\u0144skiej) Godziny otwarcia 8:00 \u2013 20:00 Poniedzia\u0142ek \u2013 Pi\u0105tek Dentysta Krak\u00f3w Dr \u0141yszczarz Clinic +48 600 422 883 &nbsp;recepcja@drl-clinic.pl ul. Krowoderskich Zuch\u00f3w 16,&nbsp;Budynek Torre Verona&nbsp;31-272 Krak\u00f3w Godziny otwarcia:&nbsp; &nbsp;pon.-czw.: 9:00-21:00&nbsp; &nbsp;pt.: 9:00-19:00 specjalizacja:&nbsp;implanty z\u0119b\u00f3w Krak\u00f3w<\/p>\n","protected":false},"author":2,"featured_media":0,"parent":0,"menu_order":0,"comment_status":"closed","ping_status":"closed","template":"","meta":{"footnotes":""},"yoast_head":"<!-- This site is optimized with the Yoast SEO plugin v21.3 - https:\/\/yoast.com\/wordpress\/plugins\/seo\/ -->\n<title>Kontakt - R Dent<\/title>\n<meta name=\"robots\" content=\"index, follow, max-snippet:-1, max-image-preview:large, max-video-preview:-1\" \/>\n<link rel=\"canonical\" href=\"https:\/\/r-dent.com.pl\/?page_id=29\" \/>\n<meta property=\"og:locale\" content=\"pl_PL\" \/>\n<meta property=\"og:type\" content=\"article\" \/>\n<meta property=\"og:title\" content=\"Kontakt - R Dent\" \/>\n<meta property=\"og:description\" content=\"Stomatolog Szczecin Sanadent Specjalistyczna Praktyka Implantologiczna tel. 660 416 444 71-123 Szczecin, ul. Witkiewicza 45c E-mail: biuro@sanadent.pl Strona internetowa:&nbsp;www.sanadent.pl Godziny otwarcia:&nbsp;poniedzia\u0142ek \u2013 pi\u0105tek:&nbsp;9 -18,&nbsp;sobota:&nbsp;po uzgodnieniu Stomatologia Pozna\u0144 Stomatologia Stankowscy-Bia\u0142ach 518 327 667 Pon. \u2013 Pt.: 8:00 \u2013 20:00 61 653 38 02 Pon. \u2013 Pt.: 8:00 \u2013 20:00 rejestracja@stankowscybialach.pl E-mail Adres ul. Pilska 15 61-045 Pozna\u0144 (wej\u015bcie od ul. Mogile\u0144skiej) Godziny otwarcia 8:00 \u2013 20:00 Poniedzia\u0142ek \u2013 Pi\u0105tek Dentysta Krak\u00f3w Dr \u0141yszczarz Clinic +48 600 422 883 &nbsp;recepcja@drl-clinic.pl ul. Krowoderskich Zuch\u00f3w 16,&nbsp;Budynek Torre Verona&nbsp;31-272 Krak\u00f3w Godziny otwarcia:&nbsp; &nbsp;pon.-czw.: 9:00-21:00&nbsp; &nbsp;pt.: 9:00-19:00 specjalizacja:&nbsp;implanty z\u0119b\u00f3w Krak\u00f3w\" \/>\n<meta property=\"og:url\" content=\"https:\/\/r-dent.com.pl\/?page_id=29\" \/>\n<meta property=\"og:site_name\" content=\"R Dent\" \/>\n<meta property=\"article:modified_time\" content=\"2026-01-16T09:16:42+00:00\" \/>\n<meta name=\"twitter:card\" content=\"summary_large_image\" \/>\n<meta name=\"twitter:label1\" content=\"Szacowany czas czytania\" \/>\n\t<meta name=\"twitter:data1\" content=\"1 minuta\" \/>\n<script type=\"application\/ld+json\" class=\"yoast-schema-graph\">{\"@context\":\"https:\/\/schema.org\",\"@graph\":[{\"@type\":\"WebPage\",\"@id\":\"https:\/\/r-dent.com.pl\/?page_id=29\",\"url\":\"https:\/\/r-dent.com.pl\/?page_id=29\",\"name\":\"Kontakt - R Dent\",\"isPartOf\":{\"@id\":\"https:\/\/r-dent.com.pl\/#website\"},\"datePublished\":\"2023-10-05T10:26:49+00:00\",\"dateModified\":\"2026-01-16T09:16:42+00:00\",\"breadcrumb\":{\"@id\":\"https:\/\/r-dent.com.pl\/?page_id=29#breadcrumb\"},\"inLanguage\":\"pl-PL\",\"potentialAction\":[{\"@type\":\"ReadAction\",\"target\":[\"https:\/\/r-dent.com.pl\/?page_id=29\"]}]},{\"@type\":\"BreadcrumbList\",\"@id\":\"https:\/\/r-dent.com.pl\/?page_id=29#breadcrumb\",\"itemListElement\":[{\"@type\":\"ListItem\",\"position\":1,\"name\":\"Strona g\u0142\u00f3wna\",\"item\":\"https:\/\/r-dent.com.pl\/\"},{\"@type\":\"ListItem\",\"position\":2,\"name\":\"Kontakt\"}]},{\"@type\":\"WebSite\",\"@id\":\"https:\/\/r-dent.com.pl\/#website\",\"url\":\"https:\/\/r-dent.com.pl\/\",\"name\":\"R Dent\",\"description\":\"W trosce o zdrowie Twojej jamy ustnej!\",\"potentialAction\":[{\"@type\":\"SearchAction\",\"target\":{\"@type\":\"EntryPoint\",\"urlTemplate\":\"https:\/\/r-dent.com.pl\/?s={search_term_string}\"},\"query-input\":\"required name=search_term_string\"}],\"inLanguage\":\"pl-PL\"}]}<\/script>\n<!-- \/ Yoast SEO plugin. -->","yoast_head_json":{"title":"Kontakt - R Dent","robots":{"index":"index","follow":"follow","max-snippet":"max-snippet:-1","max-image-preview":"max-image-preview:large","max-video-preview":"max-video-preview:-1"},"canonical":"https:\/\/r-dent.com.pl\/?page_id=29","og_locale":"pl_PL","og_type":"article","og_title":"Kontakt - R Dent","og_description":"Stomatolog Szczecin Sanadent Specjalistyczna Praktyka Implantologiczna tel. 660 416 444 71-123 Szczecin, ul. Witkiewicza 45c E-mail: biuro@sanadent.pl Strona internetowa:&nbsp;www.sanadent.pl Godziny otwarcia:&nbsp;poniedzia\u0142ek \u2013 pi\u0105tek:&nbsp;9 -18,&nbsp;sobota:&nbsp;po uzgodnieniu Stomatologia Pozna\u0144 Stomatologia Stankowscy-Bia\u0142ach 518 327 667 Pon. \u2013 Pt.: 8:00 \u2013 20:00 61 653 38 02 Pon. \u2013 Pt.: 8:00 \u2013 20:00 rejestracja@stankowscybialach.pl E-mail Adres ul. Pilska 15 61-045 Pozna\u0144 (wej\u015bcie od ul. Mogile\u0144skiej) Godziny otwarcia 8:00 \u2013 20:00 Poniedzia\u0142ek \u2013 Pi\u0105tek Dentysta Krak\u00f3w Dr \u0141yszczarz Clinic +48 600 422 883 &nbsp;recepcja@drl-clinic.pl ul. Krowoderskich Zuch\u00f3w 16,&nbsp;Budynek Torre Verona&nbsp;31-272 Krak\u00f3w Godziny otwarcia:&nbsp; &nbsp;pon.-czw.: 9:00-21:00&nbsp; &nbsp;pt.: 9:00-19:00 specjalizacja:&nbsp;implanty z\u0119b\u00f3w Krak\u00f3w","og_url":"https:\/\/r-dent.com.pl\/?page_id=29","og_site_name":"R Dent","article_modified_time":"2026-01-16T09:16:42+00:00","twitter_card":"summary_large_image","twitter_misc":{"Szacowany czas czytania":"1 minuta"},"schema":{"@context":"https:\/\/schema.org","@graph":[{"@type":"WebPage","@id":"https:\/\/r-dent.com.pl\/?page_id=29","url":"https:\/\/r-dent.com.pl\/?page_id=29","name":"Kontakt - R Dent","isPartOf":{"@id":"https:\/\/r-dent.com.pl\/#website"},"datePublished":"2023-10-05T10:26:49+00:00","dateModified":"2026-01-16T09:16:42+00:00","breadcrumb":{"@id":"https:\/\/r-dent.com.pl\/?page_id=29#breadcrumb"},"inLanguage":"pl-PL","potentialAction":[{"@type":"ReadAction","target":["https:\/\/r-dent.com.pl\/?page_id=29"]}]},{"@type":"BreadcrumbList","@id":"https:\/\/r-dent.com.pl\/?page_id=29#breadcrumb","itemListElement":[{"@type":"ListItem","position":1,"name":"Strona g\u0142\u00f3wna","item":"https:\/\/r-dent.com.pl\/"},{"@type":"ListItem","position":2,"name":"Kontakt"}]},{"@type":"WebSite","@id":"https:\/\/r-dent.com.pl\/#website","url":"https:\/\/r-dent.com.pl\/","name":"R Dent","description":"W trosce o zdrowie Twojej jamy ustnej!","potentialAction":[{"@type":"SearchAction","target":{"@type":"EntryPoint","urlTemplate":"https:\/\/r-dent.com.pl\/?s={search_term_string}"},"query-input":"required name=search_term_string"}],"inLanguage":"pl-PL"}]}},"jetpack_sharing_enabled":true,"jetpack-related-posts":[{"id":27,"url":"https:\/\/r-dent.com.pl\/?page_id=27","url_meta":{"origin":29,"position":0},"title":"Stomatologia estetyczna","author":"Renata Kowalska","date":"5 pa\u017adziernika, 2023","format":false,"excerpt":"Czasami, aby odzyska\u0107 pi\u0119kny u\u015bmiech, wystarczy\u00a0wyleczy\u0107 ubytki pr\u00f3chnicowe\u00a0widoczne na z\u0119bach lub\u00a0wymieni\u0107 istniej\u0105ce nieestetyczne wype\u0142nienia. Niestety jednak przyjemno\u015bci takie jak kawa, herbata, palenie papieros\u00f3w, wino czy te\u017c potrawy o intensywnym zabarwieniu d\u0142ugo spo\u017cywane powoduj\u0105 znaczne zmiany w odcieniu Naszego uz\u0119bienia.\u00a0Wtedy z pomoc\u0105 spieszy stomatologia estetyczna.\u00a0W gabinecie mo\u017cemy skorzysta\u0107 z nast\u0119puj\u0105cych zabieg\u00f3w\u2026","rel":"","context":"Similar post","block_context":{"text":"Similar post","link":""},"img":{"alt_text":"","src":"","width":0,"height":0},"classes":[]}],"_links":{"self":[{"href":"https:\/\/r-dent.com.pl\/index.php?rest_route=\/wp\/v2\/pages\/29"}],"collection":[{"href":"https:\/\/r-dent.com.pl\/index.php?rest_route=\/wp\/v2\/pages"}],"about":[{"href":"https:\/\/r-dent.com.pl\/index.php?rest_route=\/wp\/v2\/types\/page"}],"author":[{"embeddable":true,"href":"https:\/\/r-dent.com.pl\/index.php?rest_route=\/wp\/v2\/users\/2"}],"replies":[{"embeddable":true,"href":"https:\/\/r-dent.com.pl\/index.php?rest_route=%2Fwp%2Fv2%2Fcomments&post=29"}],"version-history":[{"count":3,"href":"https:\/\/r-dent.com.pl\/index.php?rest_route=\/wp\/v2\/pages\/29\/revisions"}],"predecessor-version":[{"id":66,"href":"https:\/\/r-dent.com.pl\/index.php?rest_route=\/wp\/v2\/pages\/29\/revisions\/66"}],"wp:attachment":[{"href":"https:\/\/r-dent.com.pl\/index.php?rest_route=%2Fwp%2Fv2%2Fmedia&parent=29"}],"curies":[{"name":"wp","href":"https:\/\/api.w.org\/{rel}","templated":true}]}}